{"id":1097,"date":"2020-03-19T13:11:21","date_gmt":"2020-03-19T11:11:21","guid":{"rendered":"http:\/\/www.fhl.fi\/?page_id=1097"},"modified":"2021-03-04T17:03:45","modified_gmt":"2021-03-04T15:03:45","slug":"toimintaohje-korona-viruksen-takia","status":"publish","type":"page","link":"https:\/\/www.fhl.fi\/?page_id=1097","title":{"rendered":"Toimintaohje Korona-viruksen takia"},"content":{"rendered":"\n<p><br>Arvoisat asiakkaat <img loading=\"lazy\" decoding=\"async\" height=\"16\" width=\"16\" alt=\"\u2764\ufe0f\" src=\"https:\/\/static.xx.fbcdn.net\/images\/emoji.php\/v9\/t6c\/1\/16\/2764.png\"><\/p>\n\n\n\n<p id=\"block-4ad252ca-afef-474e-8be9-da9b53553e7f\">Huolehdimme omalta osaltamme ty\u00f6ss\u00e4mme turvallisuudesta koronatilanteen pahentuessa. K\u00e4yt\u00e4mme maskia, pesemme k\u00e4det ja desinfioimme huolella tilat.<\/p>\n\n\n\n<p id=\"block-5748c38d-64dd-42a4-8a8d-4f3688a11c0c\"><strong>Muistutuksena edelleen:<\/strong><\/p>\n\n\n\n<p id=\"block-defff336-c7b6-4561-adc5-15e70b041380\"><img loading=\"lazy\" decoding=\"async\" height=\"16\" width=\"16\" alt=\"\u25fd\" src=\"https:\/\/static.xx.fbcdn.net\/images\/emoji.php\/v9\/tea\/1\/16\/25fd.png\">Tulethan vain terveen\u00e4 fysioterapiaan( huomioi my\u00f6s l\u00e4hipiirin sairastumiset\/ mahdolliset altistumiset) ja k\u00e4yt\u00e4t laitoksessa tarjolla olevaa k\u00e4sidesi\u00e4\/peset k\u00e4det wc-tiloissa mennen tullen.<\/p>\n\n\n\n<p id=\"block-8695bf4c-8063-48cf-9d02-8f9986617fd3\"><img loading=\"lazy\" decoding=\"async\" height=\"16\" width=\"16\" alt=\"\u25fd\" src=\"https:\/\/static.xx.fbcdn.net\/images\/emoji.php\/v9\/tea\/1\/16\/25fd.png\">Pyyd\u00e4mme asiakkaita k\u00e4ytt\u00e4m\u00e4\u00e4n laitoksen tiloissa maskia, saat maskin eteisest\u00e4, jos oma unohtui.<\/p>\n\n\n\n<p id=\"block-69f3ec22-103f-4cee-91d5-1da095505c20\"><img loading=\"lazy\" decoding=\"async\" height=\"16\" width=\"16\" alt=\"\u25fd\" src=\"https:\/\/static.xx.fbcdn.net\/images\/emoji.php\/v9\/tea\/1\/16\/25fd.png\">Odotustilan tuolit on eriytetty niin, ett\u00e4 et\u00e4isyys toiseen asiakkaaseen on riitt\u00e4v\u00e4.<\/p>\n\n\n\n<p id=\"block-0a6a4517-1e11-4ddb-8560-e946ef3bb5e4\"><img loading=\"lazy\" decoding=\"async\" height=\"16\" width=\"16\" alt=\"\u25fd\" src=\"https:\/\/static.xx.fbcdn.net\/images\/emoji.php\/v9\/tea\/1\/16\/25fd.png\">Lis\u00e4tietoja Jutalta 0503737231.<\/p>\n\n\n\n<p id=\"block-7c7050fa-ee18-4023-80c5-575051df6c43\">Jaksamista kaikille poikkeuksellisena aikana!<img loading=\"lazy\" decoding=\"async\" height=\"16\" width=\"16\" alt=\"\ud83c\udf1f\" src=\"https:\/\/static.xx.fbcdn.net\/images\/emoji.php\/v9\/te0\/1\/16\/1f31f.png\"><img loading=\"lazy\" decoding=\"async\" height=\"16\" width=\"16\" alt=\"\u2764\ufe0f\" src=\"https:\/\/static.xx.fbcdn.net\/images\/emoji.php\/v9\/t6c\/1\/16\/2764.png\"><\/p>\n\n\n\n<p id=\"block-68d38e77-bb41-43a3-868b-a65eb771289a\">T. Jutta, Hannu ja Ella<\/p>\n\n\n\n<p><\/p>\n\n\n\n<p>Terveyden ja hyvinvoinnin laitoksen (THL) sivuilta l\u00f6yd\u00e4t\nlis\u00e4tietoa koronaviruksesta:<\/p>\n\n\n\n<p><a href=\"https:\/\/thl.fi\/fi\/\">https:\/\/thl.fi\/fi\/<\/a><\/p>\n\n\n\n<p>Lis\u00e4ksi kansalaisille on avattu digipalvelu <a href=\"https:\/\/www.omaolo.fi\/\">https:\/\/www.omaolo.fi\/<\/a>,&nbsp; jossa voit tehd\u00e4 arvion omasta terveydentilastasi\nja saada sen pohjalta toimintaohjeet oman asuinkunnan mukaan. <\/p>\n","protected":false},"excerpt":{"rendered":"<p>Arvoisat asiakkaat Huolehdimme omalta osaltamme ty\u00f6ss\u00e4mme turvallisuudesta koronatilanteen pahentuessa. K\u00e4yt\u00e4mme maskia, pesemme k\u00e4det ja desinfioimme huolella tilat. Muistutuksena edelleen: Tulethan vain terveen\u00e4 fysioterapiaan( huomioi my\u00f6s l\u00e4hipiirin sairastumiset\/ mahdolliset altistumiset) ja k\u00e4yt\u00e4t laitoksessa tarjolla olevaa k\u00e4sidesi\u00e4\/peset k\u00e4det wc-tiloissa mennen tullen. Pyyd\u00e4mme asiakkaita k\u00e4ytt\u00e4m\u00e4\u00e4n laitoksen tiloissa maskia, saat maskin eteisest\u00e4, jos oma unohtui. Odotustilan tuolit on eriytetty &hellip; <\/p>\n<p class=\"link-more\"><a href=\"https:\/\/www.fhl.fi\/?page_id=1097\" class=\"more-link\">Jatka lukemista<span class=\"screen-reader-text\"> &#8221;Toimintaohje Korona-viruksen takia&#8221;<\/span><\/a><\/p>\n","protected":false},"author":2,"featured_media":0,"parent":0,"menu_order":0,"comment_status":"closed","ping_status":"closed","template":"","meta":{"footnotes":""},"class_list":["post-1097","page","type-page","status-publish","hentry"],"_links":{"self":[{"href":"https:\/\/www.fhl.fi\/index.php?rest_route=\/wp\/v2\/pages\/1097","targetHints":{"allow":["GET"]}}],"collection":[{"href":"https:\/\/www.fhl.fi\/index.php?rest_route=\/wp\/v2\/pages"}],"about":[{"href":"https:\/\/www.fhl.fi\/index.php?rest_route=\/wp\/v2\/types\/page"}],"author":[{"embeddable":true,"href":"https:\/\/www.fhl.fi\/index.php?rest_route=\/wp\/v2\/users\/2"}],"replies":[{"embeddable":true,"href":"https:\/\/www.fhl.fi\/index.php?rest_route=%2Fwp%2Fv2%2Fcomments&post=1097"}],"version-history":[{"count":3,"href":"https:\/\/www.fhl.fi\/index.php?rest_route=\/wp\/v2\/pages\/1097\/revisions"}],"predecessor-version":[{"id":1539,"href":"https:\/\/www.fhl.fi\/index.php?rest_route=\/wp\/v2\/pages\/1097\/revisions\/1539"}],"wp:attachment":[{"href":"https:\/\/www.fhl.fi\/index.php?rest_route=%2Fwp%2Fv2%2Fmedia&parent=1097"}],"curies":[{"name":"wp","href":"https:\/\/api.w.org\/{rel}","templated":true}]}}