{"id":59,"date":"2012-10-18T14:25:01","date_gmt":"2012-10-18T11:25:01","guid":{"rendered":"http:\/\/www.tuorinratsutila.fi\/hoitolaitos\/?page_id=59"},"modified":"2026-01-20T09:00:45","modified_gmt":"2026-01-20T07:00:45","slug":"henkilokunta","status":"publish","type":"page","link":"https:\/\/www.fhl.fi\/?page_id=59","title":{"rendered":"Henkil\u00f6kunta"},"content":{"rendered":"<p><strong><a href=\"http:\/\/www.fhl.fi\/wp-content\/uploads\/2012\/10\/ella-tuori.jpg\"><img loading=\"lazy\" decoding=\"async\" class=\"size-full wp-image-13 alignleft\" src=\"http:\/\/www.fhl.fi\/wp-content\/uploads\/2012\/10\/ella-tuori.jpg\" alt=\"ella-tuori\" width=\"194\" height=\"259\" \/><\/a><\/strong><\/p>\n<p><strong>Ella Tuori- laitoksen johtaja<\/strong><\/p>\n<p>Fysioterapeutti, Ratsastusterapeutti SRT, El\u00e4infysioterapeutti<br \/>\nPitk\u00e4nlinjan yritt\u00e4j\u00e4, moniosaaja ja rautainen ammattilainen.<\/p>\n<p>Erikoisosaaminen: manuaalinen fysioterapia, akupunktio,laser<\/p>\n<p><strong>Ajanvaraus 0505573450 (el\u00e4infysioterapia)<\/strong><\/p>\n<p><strong><a href=\"http:\/\/www.fhl.fi\/wp-content\/uploads\/2012\/10\/Jutta-ja-Retu.jpg\"><img loading=\"lazy\" decoding=\"async\" class=\"size-medium wp-image-138 alignleft\" src=\"http:\/\/www.fhl.fi\/wp-content\/uploads\/2012\/10\/Jutta-ja-Retu-300x225.jpg\" alt=\"Jutta-ja-Retu\" width=\"300\" height=\"225\" srcset=\"https:\/\/www.fhl.fi\/wp-content\/uploads\/2012\/10\/Jutta-ja-Retu-300x225.jpg 300w, https:\/\/www.fhl.fi\/wp-content\/uploads\/2012\/10\/Jutta-ja-Retu.jpg 640w\" sizes=\"auto, (max-width: 300px) 100vw, 300px\" \/><\/a><\/strong><\/p>\n<p><strong>Jutta Tuori, yritt\u00e4j\u00e4<\/strong><\/p>\n<p>Fysioterapeutti AMK 2007,<\/p>\n<p>Ratsastusterapeutti SRT 2013,<\/p>\n<p>Ratsastuksenohjaaja 2003<\/p>\n<p>Kipufysioterapian koulutuskokonaisuus 2016-2017<\/p>\n<p>Psykofyysinen fysioterapia t\u00e4ydennyskoulutus 2025<\/p>\n<p>Aiempi arvokas ty\u00f6kokemus Orton oy:st\u00e4. Kokemusta eniten tuki-ja liikuntaelimist\u00f6n vaivoista, pitkittyneen kivun hoidosta, akupunktiosta sek\u00e4 ratsastusterapiasta erityisesti selk\u00e4kivun ja kroonisen kivun hoidossa.<\/p>\n<p>Erikoisosaaminen:<br \/>\n-akupunktio<\/p>\n<p>-laser<\/p>\n<p>-Faskiak\u00e4sittely<\/p>\n<p>-MET- lihasenergiatekniikat<\/p>\n<p>&#8211; NCS-huippukylm\u00e4hoito<\/p>\n<p>-perehtynyt kipuasiakkaisiin(mm. CRPS)<\/p>\n<p>&#8211; ratsastusterapia<\/p>\n<p><strong>Ajanvaraus: 050 3737231<\/strong><\/p>\n<p><a href=\"http:\/\/www.fhl.fi\/wp-content\/uploads\/2012\/10\/HANNU.jpg\"><img loading=\"lazy\" decoding=\"async\" class=\"alignleft size-medium wp-image-192\" src=\"http:\/\/www.fhl.fi\/wp-content\/uploads\/2012\/10\/HANNU-168x300.jpg\" alt=\"Hannu Lehtim\u00e4ki\" width=\"168\" height=\"300\" srcset=\"https:\/\/www.fhl.fi\/wp-content\/uploads\/2012\/10\/HANNU-168x300.jpg 168w, https:\/\/www.fhl.fi\/wp-content\/uploads\/2012\/10\/HANNU-575x1024.jpg 575w\" sizes=\"auto, (max-width: 168px) 100vw, 168px\" \/><\/a><strong>Hannu Lehtim\u00e4ki, ammatinharjoittaja<\/strong><\/p>\n<p>Fysioterapeutti, OMT-<\/p>\n<p>Vahva osaaminen manuaalisessa tutkimisessa ja hoidossa sek\u00e4 urheilufysioterapiassa.<\/p>\n<p>Erikoisosaaminen:<\/p>\n<p>-akupunktio,<\/p>\n<p>-manuaalinen terapia, OMT<\/p>\n<p>-urheilufysioterapia,<\/p>\n<p>-faskia manipulaatio I ja II taso<\/p>\n<p><strong>Ajanvaraus: 050 5232124<\/strong><\/p>\n<p><strong>\u00a0<\/strong><\/p>\n","protected":false},"excerpt":{"rendered":"<p>Ella Tuori- laitoksen johtaja Fysioterapeutti, Ratsastusterapeutti SRT, El\u00e4infysioterapeutti Pitk\u00e4nlinjan yritt\u00e4j\u00e4, moniosaaja ja rautainen ammattilainen. Erikoisosaaminen: manuaalinen fysioterapia, akupunktio,laser Ajanvaraus 0505573450 (el\u00e4infysioterapia) Jutta Tuori, yritt\u00e4j\u00e4 Fysioterapeutti AMK 2007, Ratsastusterapeutti SRT 2013, Ratsastuksenohjaaja 2003 Kipufysioterapian koulutuskokonaisuus 2016-2017 Psykofyysinen fysioterapia t\u00e4ydennyskoulutus 2025 Aiempi arvokas ty\u00f6kokemus Orton oy:st\u00e4. Kokemusta eniten tuki-ja liikuntaelimist\u00f6n vaivoista, pitkittyneen kivun hoidosta, akupunktiosta sek\u00e4 ratsastusterapiasta &hellip; <\/p>\n<p class=\"link-more\"><a href=\"https:\/\/www.fhl.fi\/?page_id=59\" class=\"more-link\">Jatka lukemista<span class=\"screen-reader-text\"> &#8221;Henkil\u00f6kunta&#8221;<\/span><\/a><\/p>\n","protected":false},"author":4,"featured_media":0,"parent":0,"menu_order":0,"comment_status":"closed","ping_status":"closed","template":"","meta":{"footnotes":""},"class_list":["post-59","page","type-page","status-publish","hentry"],"_links":{"self":[{"href":"https:\/\/www.fhl.fi\/index.php?rest_route=\/wp\/v2\/pages\/59","targetHints":{"allow":["GET"]}}],"collection":[{"href":"https:\/\/www.fhl.fi\/index.php?rest_route=\/wp\/v2\/pages"}],"about":[{"href":"https:\/\/www.fhl.fi\/index.php?rest_route=\/wp\/v2\/types\/page"}],"author":[{"embeddable":true,"href":"https:\/\/www.fhl.fi\/index.php?rest_route=\/wp\/v2\/users\/4"}],"replies":[{"embeddable":true,"href":"https:\/\/www.fhl.fi\/index.php?rest_route=%2Fwp%2Fv2%2Fcomments&post=59"}],"version-history":[{"count":25,"href":"https:\/\/www.fhl.fi\/index.php?rest_route=\/wp\/v2\/pages\/59\/revisions"}],"predecessor-version":[{"id":2368,"href":"https:\/\/www.fhl.fi\/index.php?rest_route=\/wp\/v2\/pages\/59\/revisions\/2368"}],"wp:attachment":[{"href":"https:\/\/www.fhl.fi\/index.php?rest_route=%2Fwp%2Fv2%2Fmedia&parent=59"}],"curies":[{"name":"wp","href":"https:\/\/api.w.org\/{rel}","templated":true}]}}